 2*n + 4*f - 3*f. Suppose -18*x = -14 - 778. What is the remainder when x is divided by n?
10
Let l(b) = b**2 + 14*b + 55. What is the remainder when 1047 is divided by l(-13)?
39
Let g(v) = -15*v - 369. Calculate the remainder when g(-36) is divided by 25.
21
Let v = 479 + -342. What is the remainder when v is divided by 67?
3
Let t(o) be the third derivative of -o**5/60 - 5*o**4/12 - 2*o**3 + 15*o**2. Calculate the remainder when 50 is divided by t(-5).
11
Let j(u) = u**3 - 5*u**2 + 4*u - 13. What is the remainder when j(6) is divided by (-8)/((11/2)/(-11))?
15
Let l = -345 - -366. Let h(f) = 8*f**2 + 2*f + 4. Let w be h(-4). Suppose -a + 6*n = n - 62, 2*a - n - w = 0. What is the remainder when a is divided by l?
20
Suppose 3*s + 2*s - 100 = 0. Let o be 140/40*12/14. Calculate the remainder when s is divided by (56/(-7))/((-2)/o).
8
Let h = 984 + -947. What is the remainder when h is divided by 22?
15
Let r(s) = s**2 - 2*s + 20. Let i be r(0). Suppose -3*d = -d - i. Suppose 4*p - d = 10. What is the remainder when 7 is divided by p?
2
Let k(o) be the first derivative of o**4/2 - o**3/3 - o**2 + 4*o + 3. Calculate the remainder when k(3) is divided by 9.
7
Let r(j) = j**2 - 2*j - 1. Let i = 3 - 5. What is the remainder when (i + -20)*(-6)/3 is divided by r(6)?
21
Suppose 2*c - c - 21 = 5*k, c = 2*k + 21. Let z = c + -12. Calculate the remainder when z is divided by 2 + (0 - 1)/(-1).
0
Suppose h = -0*h + 3*r + 20, -2*r - 40 = -4*h. Calculate the remainder when h is divided by 6.
2
Suppose 0 = -37*z + 534 + 465. Calculate the remainder when 85 is divided by z.
4
What is the remainder when 158 is divided by (-6 - 1561/(-42)) + (-10)/(-12)?
30
What is the remainder when 297 is divided by (-356)/(-6) + ((-7)/3 - -3)?
57
Let m be 0 - 2 - 70/(-7). Suppose 3*f = m + 79. Let o(b) = -b**2 + b + 164. Calculate the remainder when f is divided by o(-12).
5
Suppose 53 = 4*w - 31. Calculate the remainder when w is divided by 8 + 10/(30/9).
10
Let u(n) = -n**3 + 48*n**2 + 52*n - 8. What is the remainder when u(49) is divided by 30?
19
Let q = 306 + -251. What is the remainder when q is divided by 21?
13
Let y(p) = p - 2. Suppose -9 - 11 = 5*v. Let k = v - -7. What is the remainder when y(7) is divided by k?
2
Suppose 2*c - 13*c + 341 = 0. Calculate the remainder when 87 is divided by c.
25
Let r = 485 - 422. What is the remainder when r is divided by 25?
13
Suppose -r - 3 = u - 19, 2*u - 10 = 0. Let n = -568 - -581. Calculate the remainder when (-2)/r - (-2514)/33 is divided by n.
11
Let j = 50 - 54. Suppose -5*m = -3*m - 28. Calculate the remainder when 764*j/(-32) - 2/(-4) is divided by m.
12
Let o = -609 - -816. What is the remainder when o is divided by 54?
45
Suppose 0*y + 2*y - 6 = 0. Let i = y + -2. Let m(b) = b**3 - 7*b**2 + 17*b - 33. What is the remainder when m(5) is divided by i?
0
Calculate the remainder when 8/4*17 - (-2 + 7) is divided by 11.
7
Let m(j) = 3*j**2 + 5*j - 1. Suppose -4*w + 202 - 102 = 0. What is the remainder when m(-5) is divided by w?
24
Suppose y + 8*u = 3*u + 110, y + 4*u - 112 = 0. Calculate the remainder when y is divided by 17.
1
Let r = -17 + 22. Suppose -2*z = 2*h - 18, r = z + 3. Let s = 14 + -9. What is the remainder when h is divided by s?
2
Let g = -60 - -146. Let p(n) = 3*n + 51. What is the remainder when g is divided by p(-11)?
14
Let w be 17/((2/(-9))/((-10)/15)). Let u = w + -44. Suppose 0 = -3*o - 0*h - 4*h + 114, 4*h = -4*o + 148. Calculate the remainder when o is divided by u.
6
Suppose -i = 84 - 134. Suppose 5*g + 36 - 121 = 0. Calculate the remainder when i is divided by g.
16
Let s = 27 + -20. Suppose -s*q = -5*b - 2*q + 65, 3*b - 38 = 2*q. What is the remainder when 31 is divided by ((-136)/b)/((-4)/6)?
14
Suppose a + 7 = 3. Let z = 0 - a. Suppose -z*c + 5 + 19 = 0. What is the remainder when 10 is divided by c?
4
Let s(a) be the second derivative of a**5/20 - 3*a**2/2 + 7*a. Calculate the remainder when 93 is divided by s(3).
21
What is the remainder when 56 is divided by (-528)/(-36) - (-2)/6?
11
Suppose 9*u + 7*u = 400. What is the remainder when 264 is divided by u?
14
Let s(h) = 3*h + 29. Let n = -8 + 24. What is the remainder when s(0) is divided by n?
13
Calculate the remainder when ((-87)/9)/(7/(-21)) is divided by 14.
1
What is the remainder when 319 is divided by 16/(-3)*(9/(-6) - 6)?
39
Let n(r) = r**2 - 5*r + 7. Let d be n(3). Let l = 26 + d. Calculate the remainder when 80 is divided by l.
26
Suppose -5*s - 5 = -40. Calculate the remainder when 83 is divided by (-22)/(-55)*s*10.
27
Let r(j) = j + 19. Let z be r(8). Let v = 136 - z. Calculate the remainder when v is divided by 22.
21
Let l(c) = c**3 - 3*c**2 - c - 5. What is the remainder when (22 - 12)*(33/15 - 1) is divided by l(4)?
5
Let f = -114 - -220. What is the remainder when f is divided by 11?
7
Suppose -6*i + 110 = -3*i + 2*t, -5*i = 2*t - 178. Calculate the remainder when 65 is divided by i.
31
Let z be 1*1/((-4)/(-44)). Let o = -33 + z. What is the remainder when 6 is divided by 2/(-3 - o/6)?
0
What is the remainder when (3 + -1)/(-2)*-42 is divided by 11/(-55) + 7 + (-567)/(-35)?
19
Suppose -13*d - 4 = -14*d. Calculate the remainder when ((-215)/(-20))/(1/d) is divided by 11.
10
Suppose -7*o - 2*o + 468 = 0. What is the remainder when o is divided by 11?
8
Let l be -15*((-5)/5)/1. Calculate the remainder when (l/10)/(12/152) is divided by 10.
9
Let o(m) = -m**3 - 3*m**2 + 2*m - 7. Let r be o(-4). Suppose -j = -b - r, j - 2*b = 2*j - 1. Let x = 16 - 15. Calculate the remainder when j is divided by x.
0
Suppose -48*j + 308 = -41*j. Suppose 3*z + z = 60. Calculate the remainder when j is divided by z.
14
Suppose -w = p - 6, 0 = 5*p - 2*w + 4*w - 45. Calculate the remainder when 61 is divided by p.
6
Suppose -3*g = 2*v - 228, 2*g - v - 304 = -2*g. What is the remainder when g is divided by 11?
10
Suppose -4*f = 28 - 8, m - 41 = 3*f. Calculate the remainder when 40 is divided by m.
14
Calculate the remainder when 1870/7 + 112/(-98) is divided by 25.
16
Suppose -2*w + 2*x = -590, 2*w = -2*w - x + 1170. Let t = w - 192. Calculate the remainder when t is divided by 21.
17
Let g = 133 + -120. What is the remainder when 49 is divided by g?
10
Suppose 3*m + 6 = 0, 0 = 2*w + 5*m - 0 + 2. Let j = 1 + w. Suppose j*y - 20 = 15. Calculate the remainder when y is divided by 5.
2
Let p be (20/8)/((-5)/(-12)). Suppose -2*i = -4*i + p. What is the remainder when 10 is divided by i?
1
Suppose -24*m + 86 = 2*j - 28*m, -99 = -3*j - 4*m. What is the remainder when j is divided by 10/(1 - -1 - 1)?
7
Suppose -4*c = -2*c - 18. Let w = -1502 - -1526. What is the remainder when w is divided by c?
6
Let z = 3 - 2. Let s(w) = 18*w**3 + 2*w**2 - w. Let d = -2905 - -2915. What is the remainder when s(z) is divided by d?
9
Let f = -11 - -8. What is the remainder when (f - (-25)/8) + (-477)/(-24) is divided by 11?
9
Let u(p) = -p**3 + 3*p**2 + 4*p + 3. What is the remainder when 62 + ((-24)/(-6))/(-1) is divided by u(-2)?
13
Let q(s) = -s**2 + 11*s - 19. Let w be q(8). Suppose 9*p = 4*p + 25. Suppose -30 = -w*i - x, 3*i - p = -i + 3*x. What is the remainder when i is divided by 3?
2
Calculate the remainder when 104 is divided by ((-8)/16)/((-2)/112) + -1.
23
Calculate the remainder when 756 is divided by 3*(6 + 116) + 9.
6
Let o = -1990 - -2000. Calculate the remainder when 197 is divided by o.
7
Let v = -1863 - -1884. Calculate the remainder when 83 is divided by v.
20
Suppose -4*s + 2*z + 35 = z, 5*s + 2*z = 34. Let m = 308 + -304. What is the remainder when s is divided by m?
0
Suppose t - 4*j + 40 = 5*t, -4*j - 77 = -5*t. Suppose -3*z + 5*z + 14 = 0. Calculate the remainder when (720/z)/(-2) + 24/(-56) is divided by t.
12
Let h(u) = 2*u**2 - 4*u - 12. Suppose -2*x + 13 = 1. What is the remainder when h(x) is divided by 20?
16
Let g be 0/((-21)/(-84) - (-9)/(-4)). Suppose -4*z + 28 = -2*v, -5*z + 27 + 10 = -3*v. Suppose g = -z*x + 10. Calculate the remainder when 8 is divided by x.
0
Let f(o) = o**3 + 18*o**2 + 75*o + 15. What is the remainder when 493 is divided by f(-8)?
53
Let n(p) = -p**2 - 29*p + 11. Calculate the remainder when n(-26) is divided by 24.
17
Suppose -13 = o - 2*o. What is the remainder when (-328)/(-6) + (-308)/84 is divided by o?
12
